mposite number?
False
Suppose -3*g = -5*g - u, -2*u = -3*g. Suppose 0*r - 4*r + 2*c + 6 = 0, 2*c + 6 = g. Suppose 3*v - f - 25 = r, -2*v + 0*f + 40 = 4*f. Is v a prime number?
False
Is (81 - 6/(-3))/1 composite?
False
Suppose 120 = 2*m - 42. Suppose k - 4*r - 66 = m, -2*r = k - 171. Suppose k = -p + 2*p. Is p a composite number?
False
Suppose 16 = -4*u, 4*g - u = -3*u - 32. Let x(f) = 3*f**2 + 8*f + 7. Is x(g) prime?
True
Suppose -v - 5*c + 263 = 0, -3*v + 165 = -3*c - 552. Suppose -5*h + 3*z = -z - 407, 3*h - 3*z - v = 0. Is h a prime number?
True
Let f = 33 - -9. Suppose -2*w - 21 = o, 2*o - w = 4*w - f. Let i = 22 - o. Is i prime?
True
Let m be 3/(6*(-2)/(-8)). Let u(h) = h**3 + 11*h**2 - 2*h**m + 1 - 12*h + 14*h. Is u(-8) a composite number?
True
Let s(l) be the first derivative of l**3/3 + l**2/2 - 7*l + 2. Is s(-8) a prime number?
False
Suppose 0*c - 2*c + 706 = 0. Is c a composite number?
False
Suppose 2*h = 106 - 32. Suppose 3*k + 36 = 3*t - 5*t, -52 = 5*t - 2*k. Let d = h + t. Is d composite?
True
Suppose 4*v + y = 2159, -3*v - 4*y + 573 = -1030. Is v composite?
False
Let h(p) = p - 9. Let l be h(6). Let d = 0 - l. Suppose -d*j = -1 - 32. Is j composite?
False
Suppose 3*r - 278 = 151. Is r composite?
True
Let i = 2 - -1. Let a = 5 - i. Is ((-19)/(-2))/(a/4) a composite number?
False
Is 3*14/12*22 a composite number?
True
Let u(o) = 2*o + 2. Suppose h = 9 - 5. Is u(h) a prime number?
False
Let w(z) = -241*z**3 - z**2. Let y be -1 + 3 + -3*1. Let p be w(y). Suppose 159 = -2*q + 4*q + g, p = 3*q + 3*g. Is q a composite number?
False
Let t(a) = -a**3 - 9*a**2 + 4*a - 11. Is t(-11) prime?
False
Let h(i) = -115*i + 13. Is h(-7) composite?
True
Suppose 3*v = -m + 8, 6*m - 2*m = -v + 54. Is 6/21 - (-290)/m composite?
True
Let t(h) = -2*h**2 + 4*h. Let f be t(3). Let g = 12 + f. Suppose d - g - 1 = 0. Is d composite?
False
Let r(k) = k - 17. Let a be r(5). Is (-3)/a*4*337 composite?
False
Suppose 9*y - 7*y - 28 = 0. Is y composite?
True
Is (-36)/60 + 2096/10 prime?
False
Suppose -c - y = -3*y, 0 = -3*c - 3*y. Suppose c = -5*o - 127 + 317. Is (0 - o/(-2)) + 0 a composite number?
False
Let d = 26 + -61. Let c = d + 72. Is c composite?
False
Let p = 13 - 5. Is -2 - p/((-4)/4) prime?
False
Suppose 4 = t - 0. Suppose 5*q + 0*a = t*a + 185, 0 = 5*a. Is q prime?
True
Suppose -3*b + 1440 = -429. Is b a prime number?
False
Let f(n) = n**2 - 10*n + 5. Let c be f(10). Suppose -4*w - c*l = -8, w = 5*w - 4*l - 44. Is w prime?
True
Let q = 4 + 1. Suppose 4*n - q*n + 4 = 0. Is n prime?
False
Let v = -101 + 163. Suppose -b + v = b. Is b a prime number?
True
Let u(s) be the third derivative of -s**6/60 - s**5/20 - s**4/6 - s**3/3 + s**2. Let g = -9 - -6. Is u(g) composite?
False
Let k = -47 + 66. Is k a prime number?
True
Let v(d) = -687*d - 8. Is v(-3) a composite number?
False
Let c = 9 + -7. Is c/8 + 35/4 a composite number?
True
Suppose -3*b = -24 - 18. Let m = -25 - b. Let l = -6 - m. Is l prime?
False
Suppose 18 = 4*u - 6. Suppose w = 4*w - u. Suppose -g - 2*g = 5*z - 455, -w*g = 0. Is z composite?
True
Suppose -4*a = -1264 - 4. Is a a prime number?
True
Let o(d) = -6*d**3 - 6*d**2 - d + 1. Let f be 3*(-4)/3*1. Is o(f) a prime number?
True
Suppose 3*i = 5*c + 9, i + 2*c = -0*c + 3. Suppose n = -3*g + 5*n + 166, 0 = i*g - n - 172. Is g a composite number?
True
Let w = 1333 - 660. Is w a prime number?
True
Suppose 0 = -5*j - 25, -3*t + 3*j + 4 = 10. Let o(y) = -5*y + 2. Is o(t) prime?
True
Let k be (0 - 88/6)*3. Let l be (2/4)/((-2)/k). Is -4*l*5/(-10) composite?
True
Is 10/(1 + (-1275)/1277) a prime number?
False
Let i(y) = 60*y**2 - 4*y - 5. Is i(-4) composite?
False
Is (-5)/(-30) - (-2931)/18 a prime number?
True
Let m(t) = 17*t**2 + 11*t + 7. Is m(-5) a composite number?
True
Let i = -13 + 5. Let t(r) = -10*r - 1. Is t(i) composite?
False
Let p = 9 + -3. Let n(l) = -l + 8. Let z be n(p). Suppose 6*d = z*d + 28. Is d a prime number?
True
Let c(b) = b**2 - 2*b - 3. Let x(t) = t**2 - 2*t + 4. Let f be x(-3). Suppose 4*q + a - 4*a = -f, 0 = 5*q + a + 19. Is c(q) prime?
False
Let w(r) = 4*r + 4. Let a be w(-4). Let q(n) = n**2 + 5*n - 15. Is q(a) a prime number?
False
Suppose -13 = 2*s + 2*o + 7, -2*s = 3*o + 20. Suppose 3*f + 169 + 221 = 0. Is f/(-3)*(-15)/s a prime number?
False
Let d(u) = -u**2 - u + 5. Let t be d(0). Suppose -7 = -q + z + 8, -3*q = t*z - 29. Is q - -2*(-2)/(-4) prime?
False
Let n(j) = 5*j + 51. Is n(16) a composite number?
False
Let y(f) = -4*f + 7. Let q be y(-14). Suppose -j = r - 6*j - q, 3*r - 141 = 3*j. Is r prime?
True
Let n = 4 - 3. Is n/5 + (-6340)/(-50) composite?
False
Let k = -70 + 117. Is k composite?
False
Suppose -m + 48715 = 4*m. Is m a composite number?
False
Let t(y) = 1194*y**2 - 6*y - 7. Is t(-2) a composite number?
True
Suppose -4*b + 35 = -1. Suppose -4*f + f + b = 0. Is f prime?
True
Let y = 5049 + -1886. Is y a composite number?
False
Let p = 4 - 0. Suppose 3*h + 2*r - 13 = 0, h + r + 0 - p = 0. Suppose -h*k + 255 = 5*m - 280, -2*k + 3*m + 224 = 0. Is k a prime number?
True
Suppose -2*s = -4*y - 6, 4*s + s - 3*y - 15 = 0. Let b = 6 - s. Suppose -5*w - b*j - 1 = -160, 0 = 5*w - 2*j - 169. Is w a composite number?
True
Suppose -589 = -7*c - 92. Is c prime?
True
Let o(p) be the third derivative of -p**6/120 + 11*p**5/60 - p**4/6 + 7*p**3/6 - p**2. Is o(10) a prime number?
True
Suppose 2*b = -3*f + 347, -b - 3*f + 69 + 112 = 0. Suppose u - 2*u = -b. Is u prime?
False
Suppose 3*i - 12 = -0*i. Suppose 5*f + 558 = 5288. Suppose -4*s + f + 377 = -5*h, 1328 = i*s - 4*h. Is s composite?
False
Let r(w) = 3*w**2 + 2*w - 1. Let o be r(-4). Is (-660)/(-65) + (-6)/o a composite number?
True
Let i(p) = -42*p + 1. Suppose -3*o = -5*o - 6. Is i(o) a composite number?
False
Suppose -4*r + 9 = -p - 14, -5 = 5*p + 2*r. Let x = -2 - p. Is -3 + 5 + (x - -34) a prime number?
True
Let h(l) = -224*l + 17. Is h(-6) a prime number?
True
Suppose q - 2*a = 11, 3*q + 2*a = 7*q - 20. Suppose 5*y = -3*n + 737, 2*n = q*y + y - 572. Is y composite?
True
Suppose x + 764 = -0*r + 4*r, -3*x = -4*r + 764. Is r a prime number?
True
Let l = 447 - -148. Suppose 4*r - 3*p = 129 + 347, -5*r + 3*p = -l. Is r a prime number?
False
Suppose -3*j + 0*f + 233 = f, j = f + 75. Is j prime?
False
Let x(j) = 8*j**2 + 13*j + 11. Is x(12) composite?
False
Is (-4215)/(-4) + 85/68 composite?
True
Suppose -6*o = -7*o + 479. Is o prime?
True
Let o(k) = -k**3 - 22*k**2 - 37*k - 4. Is o(-26) a composite number?
True
Suppose -5*p + 30 - 5 = -3*i, 2*i = 4*p - 18. Suppose 3*b + p*b + 20 = 0. Let v(u) = 5*u**2 + 3*u + 1. Is v(b) a composite number?
True
Let l(c) = 51*c + 23. Is l(14) a prime number?
False
Suppose 12 = 2*v - 6*v, 5*h - 4*v = -413. Let j(c) = -2*c + 4. Let r be j(25). Let q = r - h. Is q prime?
False
Suppose 4*k + 93 - 1811 = -2*d, 5*k - 15 = 0. Is d composite?
False
Is (94098/30 - 6/(-15))*1 a prime number?
True
Let b(d) = 3*d - 5. Let i be b(4). Let s(q) = 12*q - 7. Is s(i) composite?
True
Suppose 2*g - 1 = 4*q - 3*q, 4*g - 5*q + 13 = 0. Is g/2*(-4)/(-3) composite?
False
Let p be (-6420)/(-13) + 2/13. Let t = p - 291. Is t prime?
False
Let i be (-1)/3 - 76/(-12). Let b = -4 + i. Let h = b - -11. Is h prime?
True
Suppose -m - 4 = 0, 0 = -j - 5*m + 2. Is (j + 9/(-3))/1 composite?
False
Suppose 0*d = 3*d - 351. Let r be 60 + (-2 - -1*4). Let w = d - r. Is w a composite number?
True
Let g(v) = v**3 + 12*v**2 + 9*v - 3. Let i be g(-8). Suppose -244 = -5*r + i. Is r a composite number?
True
Let m(d) = -d**3 + 10*d**2 + 14*d - 5. Let t be m(13). Is t/(-9) + (-2)/(-6) a prime number?
True
Let b(x) = -59*x. Let a(o) = -58*o - 1. Let t(i) = 5*a(i) - 6*b(i). Suppose -w = -4*n + 21, 4*n + 0 = -3*w + 1. Is t(n) prime?
True
Let g = 924 + -443. Is g a composite number?
True
Let f(d) = -d + 4. Let m be f(8). Let k(l) = -l**3 - 4*l**2 + 2*l + 2. Let v be k(m). Let i(a) = -a**3 - a**2 - 6*a + 1. Is i(v) prime?
False
Suppose 4*p = 2*w + 4, -w - 4*p - 26 = -0*w. Let s = -8 - w. Is s - -1 - 79*-2 a composite number?
True
Let s(o) = 30*o**2 - o - 6. Let q be s(-5). Suppose -3*u - q = -4*u. Is u a prime number?
False
Let z(d) = 4*d**3 + d**2 + 2*d + 3. Suppose 0 = x - 2 + 4. Let k be z(x). Is k/(-4) - (-5)/(-20) prime?
True
Let x be 1 - (-2 + 2) - -11. Suppose -3*f = 2*w - 20, -x